{"id":84,"date":"2020-11-17T12:31:18","date_gmt":"2020-11-17T12:31:18","guid":{"rendered":"http:\/\/thpinformatica.com.br\/?page_id=84"},"modified":"2020-11-17T16:10:39","modified_gmt":"2020-11-17T16:10:39","slug":"pcs-e-notebooks","status":"publish","type":"page","link":"https:\/\/thpinformatica.com.br\/site\/pcs-e-notebooks\/","title":{"rendered":"PCs e Notebooks"},"content":{"rendered":"<div id=\"metaslider-id-85\" style=\"width: 100%;\" class=\"ml-slider-3-18-2 metaslider metaslider-flex metaslider-85 ml-slider\">\n    <div id=\"metaslider_container_85\">\n        <div id=\"metaslider_85\">\n            <ul aria-live=\"polite\" class=\"slides\">\n                <li style=\"display: none; width: 100%;\" class=\"slide-90 ms-image\"><img src=\"https:\/\/thpinformatica.com.br\/site\/wp-content\/uploads\/2020\/11\/slider-paginas_pcs_notebooks_2.jpg\" height=\"599\" width=\"1200\" alt=\"\" class=\"slider-85 slide-90\" title=\"slider-paginas_pcs_notebooks_2\" \/><\/li>\n                <li style=\"display: none; width: 100%;\" class=\"slide-91 ms-image\"><img src=\"https:\/\/thpinformatica.com.br\/site\/wp-content\/uploads\/2020\/11\/slider-paginas_pcs_notebooks_3.jpg\" height=\"599\" width=\"1200\" alt=\"\" class=\"slider-85 slide-91\" title=\"slider-paginas_pcs_notebooks_3\" \/><\/li>\n                <li style=\"display: none; width: 100%;\" class=\"slide-89 ms-image\"><img src=\"https:\/\/thpinformatica.com.br\/site\/wp-content\/uploads\/2020\/11\/slider-paginas_pcs_notebooks_1.jpg\" height=\"599\" width=\"1200\" alt=\"\" class=\"slider-85 slide-89\" title=\"slider-paginas_pcs_notebooks_1\" \/><\/li>\n            <\/ul>\n        <\/div>\n        \n    <\/div>\n<\/div>\n\n\n\n<p>Realizamos os mais variados tipos de reparos e manuten\u00e7\u00e3o no seu PC ou Notebook, de diversas marcas. Veja abaixo alguns dos servi\u00e7os que oferecemos:<\/p>\n\n\n\n<ul><li>Formata\u00e7\u00e3o<\/li><li>Recupera\u00e7\u00e3o de dados<\/li><li>Upgrade de componentes<\/li><li>Recupera\u00e7\u00e3o de placas<\/li><li>Instala\u00e7\u00e3o e configura\u00e7\u00e3o de programas<\/li><li>Remo\u00e7\u00e3o de v\u00edrus e outros programas nocivos<\/li><\/ul>\n","protected":false},"excerpt":{"rendered":"<p>Realizamos os mais variados tipos de reparos e manuten\u00e7\u00e3o no seu PC ou Notebook, de diversas marcas. Veja abaixo alguns dos servi\u00e7os que oferecemos: Formata\u00e7\u00e3o Recupera\u00e7\u00e3o de dados Upgrade de componentes Recupera\u00e7\u00e3o de placas Instala\u00e7\u00e3o e configura\u00e7\u00e3o de programas Remo\u00e7\u00e3o de v\u00edrus e outros programas nocivos<\/p>\n","protected":false},"author":1,"featured_media":0,"parent":0,"menu_order":0,"comment_status":"closed","ping_status":"closed","template":"","meta":[],"_links":{"self":[{"href":"https:\/\/thpinformatica.com.br\/site\/wp-json\/wp\/v2\/pages\/84"}],"collection":[{"href":"https:\/\/thpinformatica.com.br\/site\/wp-json\/wp\/v2\/pages"}],"about":[{"href":"https:\/\/thpinformatica.com.br\/site\/wp-json\/wp\/v2\/types\/page"}],"author":[{"embeddable":true,"href":"https:\/\/thpinformatica.com.br\/site\/wp-json\/wp\/v2\/users\/1"}],"replies":[{"embeddable":true,"href":"https:\/\/thpinformatica.com.br\/site\/wp-json\/wp\/v2\/comments?post=84"}],"version-history":[{"count":3,"href":"https:\/\/thpinformatica.com.br\/site\/wp-json\/wp\/v2\/pages\/84\/revisions"}],"predecessor-version":[{"id":97,"href":"https:\/\/thpinformatica.com.br\/site\/wp-json\/wp\/v2\/pages\/84\/revisions\/97"}],"wp:attachment":[{"href":"https:\/\/thpinformatica.com.br\/site\/wp-json\/wp\/v2\/media?parent=84"}],"curies":[{"name":"wp","href":"https:\/\/api.w.org\/{rel}","templated":true}]}}